.
2
What is the highest common divisor of 188904 and 408?
408
What is the greatest common factor of 3668 and 2044?
28
What is the greatest common factor of 117 and 61711?
13
What is the highest common factor of 1551054 and 4842?
1614
What is the greatest common divisor of 1469742 and 12?
6
Calculate the highest common factor of 8646 and 462.
66
What is the greatest common divisor of 220 and 634280?
20
Calculate the highest common factor of 37 and 524031.
37
What is the greatest common factor of 124576 and 928?
32
What is the greatest common factor of 1041081 and 163?
163
What is the greatest common divisor of 126 and 12642?
42
What is the greatest common factor of 8449 and 56?
7
Calculate the greatest common factor of 13 and 9290593.
13
Calculate the greatest common divisor of 475 and 141075.
475
Calculate the highest common factor of 80 and 112048.
16
What is the greatest common factor of 8 and 66952?
8
What is the highest common divisor of 165951 and 63?
9
Calculate the greatest common factor of 37 and 31931.
37
Calculate the greatest common factor of 6655 and 847.
121
What is the greatest common factor of 4640 and 37728?
32
Calculate the highest common divisor of 21340 and 60625.
485
What is the greatest common divisor of 4388004 and 36?
36
What is the greatest common divisor of 12825 and 182925?
675
Calculate the highest common divisor of 74 and 374366.
74
What is the highest common divisor of 752719 and 902?
451
Calculate the highest common divisor of 4 and 1089290.
2
What is the highest common factor of 589333 and 47?
47
What is the greatest common factor of 265793 and 6424?
803
What is the greatest common factor of 2221950 and 50?
50
What is the highest common factor of 4856 and 747217?
607
Calculate the highest common divisor of 44 and 6842.
22
Calculate the greatest common factor of 252576 and 1152.
288
Calculate the greatest common divisor of 66 and 54549.
33
What is the greatest common divisor of 3150 and 99?
9
What is the highest common factor of 136 and 1368432?
136
What is the highest common factor of 532170 and 570?
30
Calculate the highest common divisor of 35953 and 157.
157
Calculate the highest common factor of 116604 and 1804.
164
Calculate the greatest common factor of 1044 and 8526.
174
Calculate the greatest common factor of 332 and 89972.
332
What is the highest common divisor of 31863 and 95?
19
Calculate the highest common divisor of 14910019 and 41.
41
Calculate the greatest common divisor of 140602 and 21497.
581
What is the greatest common divisor of 703 and 342?
19
Calculate the greatest common divisor of 2873 and 5576.
17
What is the greatest common factor of 3085 and 49977?
617
Calculate the highest common factor of 485 and 3104.
97
What is the greatest common divisor of 1634668 and 316?
316
Calculate the greatest common factor of 568 and 48422.
142
Calculate the greatest common factor of 911776 and 256.
32
Calculate the greatest common factor of 8587 and 442369.
277
Calculate the highest common divisor of 4718 and 840.
14
Calculate the greatest common factor of 196150 and 425.
25
What is the greatest common factor of 83 and 41666?
83
Calculate the greatest common divisor of 27719 and 2120.
53
What is the greatest common factor of 140 and 159502?
14
What is the greatest common divisor of 448 and 458816?
64
What is the greatest common factor of 140 and 4250?
10
Calculate the highest common divisor of 3936 and 331608.
984
What is the greatest common divisor of 7690 and 530?
10
Calculate the greatest common divisor of 133 and 478211.
19
What is the highest common divisor of 30572 and 16?
4
What is the highest common divisor of 245057 and 4171?
43
Calculate the highest common divisor of 19045 and 260.
65
Calculate the greatest common divisor of 8508 and 3460629.
2127
What is the highest common divisor of 3 and 1697?
1
Calculate the highest common factor of 4048521 and 771.
771
Calculate the greatest common factor of 38341 and 345.
23
What is the highest common factor of 30086 and 4214?
98
What is the greatest common divisor of 118 and 3888926?
118
What is the highest common divisor of 28 and 168308?
28
Calculate the greatest common divisor of 16 and 25900.
4
What is the greatest common factor of 252791 and 469?
469
Calculate the highest common divisor of 764 and 1388.
4
Calculate the greatest common divisor of 649737 and 132.
33
Calculate the highest common divisor of 176814 and 66.
66
Calculate the greatest common factor of 352 and 317372.
44
What is the greatest common factor of 796779 and 669?
669
Calculate the greatest common divisor of 51623 and 1083.
361
Calculate the greatest common factor of 1 and 103669.
1
What is the highest common divisor of 4508 and 2156?
196
What is the highest common divisor of 33546 and 192?
6
Calculate the highest common factor of 500 and 13720.
20
Calculate the highest common divisor of 249512 and 240.
8
What is the greatest common factor of 1742 and 1027?
13
Calculate the highest common divisor of 987234 and 1776.
222
What is the greatest common divisor of 10470 and 1710?
30
Calculate the highest common divisor of 3139 and 129.
43
What is the greatest common factor of 127 and 43561?
127
What is the greatest common divisor of 15125 and 11000?
1375
Calculate the greatest common factor of 402944 and 736.
32
What is the greatest common factor of 45 and 215735?
5
What is the greatest common factor of 164106 and 162?
162
Calculate the highest common divisor of 19410 and 180.
30
Calculate the greatest common divisor of 1939 and 103044.
277
Calculate the highest common divisor of 1560 and 64168.
104
What is the highest common divisor of 4 and 160124?
4
Calculate the highest common divisor of 2200645 and 1420.
355
Calculate the greatest common factor of 2412 and 810.
18
Calculate the greatest common divisor of 142117 and 2183.
37
What is the highest common factor of 2572 and 408305?
643
What is the greatest common divisor of 210 and 2332190?
70
What is the greatest common divisor of 4139 and 9?
1
What is the greatest common divisor of 19683 and 12?
3
Calculate the highest common factor of 7 and 6074481.
7
Calculate the greatest common factor of 258290 and 1150.
230
Calculate the greatest common divisor of 444955 and 245.
35
What is the highest common factor of 1425 and 30?
15
What is the greatest common divisor of 55614 and 6578?
598
Calculate the highest common divisor of 6 and 2732820.
6
What is the greatest common factor of 62676 and 36?
36
What is the greatest common divisor of 57 and 226404?
57
Calculate the greatest common factor of 6 and 531804.
6
Calculate the highest common divisor of 15703 and 6511.
383
What is the greatest common divisor of 61650 and 216?
18
What is the greatest common divisor of 37 and 157583?
37
Calculate the greatest common factor of 918 and 52122.
102
What is the highest common divisor of 1059 and 69?
3
What is the highest common divisor of 80 and 1081760?
80
What is the highest common divisor of 10538 and 22?
22
What is the highest common divisor of 37044 and 3996?
108
Calculate the greatest common divisor of 235095 and 105.
105
What is the highest common factor of 17 and 4273681?
17
Calculate the greatest common divisor of 48 and 2904.
24
Calculate the greatest common factor of 2198 and 12824.
14
Calculate the greatest common divisor of 241611 and 3.
3
What is the highest common factor of 200 and 115900?
100
Calculate the greatest common factor of 270 and 428625.
135
What is the highest common factor of 2918188 and 364?
364
What is the greatest common factor of 1463 and 19437?
209
What is the greatest common factor of 2445 and 1545?
15
Calculate the highest common divisor of 160 and 436640.
160
Calculate the greatest common factor of 63574 and 266.
266
Calculate the highest common divisor of 17 and 29291.
17
What is the greatest common factor of 807 and 55952?
269
What is the greatest common divisor of 1 and 3019?
1
Calculate the greatest common divisor of 231 and 61509.
21
What is the highest common divisor of 467 and 11?
1
What is the greatest common factor of 3065 and 30?
5
What is the highest common divisor of 213 and 32731?
71
What is the greatest common divisor of 2460 and 2788?
164
What is the greatest common divisor of 2135 and 25193?
427
What 